-73. Suppose -4*b + 3*d + 9 + 44 = 0, -3*b - 4*d = -w. What is the remainder when 42 is divided by b?
9
Suppose -5*q + 4*m + 3 = 0, 3*m - 21 = -2*q - 2*m. Calculate the remainder when 7 is divided by q.
1
Suppose 31*t - 30*t = 11. What is the remainder when ((-81)/(-12))/(1/8) is divided by t?
10
Let z(u) = 9*u**2 + 2*u - 4. What is the remainder when z(2) is divided by 21?
15
Suppose -x - 2*a = -17 - 9, 0 = 5*x + 3*a - 109. Calculate the remainder when ((-2)/(-3))/((-3)/(-171)) is divided by x.
18
Let p = -25 + 36. Let q(o) = -6 - 5*o**2 + 3*o + 3 + o**3 + 4*o. Calculate the remainder when q(5) is divided by p.
10
Let w(r) = -7*r**3 - 2*r**2 + 8*r + 3. What is the remainder when w(-3) is divided by 39?
33
Suppose 22 = 2*h - 44. Let u(v) = -1 - 11*v**2 + 3*v**2 + 0 - 7*v + v**3. What is the remainder when h is divided by u(9)?
16
Let q(b) = 2*b**2 - 4*b - 1. Let s be q(3). Suppose -r = -3*a + 92, a - s*r = -3*a + 119. What is the remainder when a is divided by 11?
9
Suppose -5*p - 25 = 0, -15 - 10 = -2*b + 5*p. Let r = 2 - b. Calculate the remainder when (12/r)/(3/3) is divided by 4.
2
Let y(b) = -b**3 + 6*b**2 + b - 1. Let a be y(6). Let h(w) = 7*w - 1. Let j be h(2). Suppose j = a*k - 77. Calculate the remainder when k is divided by 10.
8
Let b = 39 - -1. Calculate the remainder when b is divided by 7.
5
Let j be (-88)/(-28) - (-2)/(-14). Suppose -j*v = -v - 72. Calculate the remainder when v is divided by 13.
10
Suppose j + 0*j = 24. Suppose -h + 2*h - 2*k - j = 0, 5*h = -5*k + 45. What is the remainder when (4 + -1)/((-9)/(-120)) is divided by h?
12
Suppose 3*p + 112 = 7*p. Calculate the remainder when p is divided by 15.
13
Let a be 2 + 3/(-1 + -2). Let m = a + 3. Let f = -4 + 15. What is the remainder when f is divided by m?
3
Let z(m) be the third derivative of 2*m**5/3 + m**2. What is the remainder when z(1) is divided by (21/2)/(1/2)?
19
Suppose -v + 0*f - f = -36, -3*v + 78 = -3*f. Calculate the remainder when v is divided by 16.
15
Let s = -39 + 77. Calculate the remainder when s is divided by 21.
17
Let p = -157 - -25. Calculate the remainder when 42 is divided by (-4)/(-6)*p/(-8).
9
Suppose -9*f = -7*f - 40. What is the remainder when ((-3)/(-6))/((-2)/(-236)) is divided by f?
19
Let u(c) = -8*c - 1. What is the remainder when 42 is divided by u(-3)?
19
Suppose -8*u - 14 = -7*u. Let x(t) = -t**2 - 15*t - 4. What is the remainder when 47 is divided by x(u)?
7
Let i be -6*(1 + 1)/2. Let o be 20/i*(-12)/10. Suppose -2*q = -3*y + 45, 2*y + o*q = -q + 30. Calculate the remainder when 29 is divided by y.
14
Suppose -5*u + 10 = 0, -4*v - u = 3*u - 20. Suppose 3*j = j + z + 6, 3*z = v*j - 3. What is the remainder when j is divided by 2?
1
Suppose 0 = -n - j + 2, 0 = j + 4 + 1. Calculate the remainder when 27 is divided by n.
6
Let r(q) = q + 48. Let u(k) = -k**3 + 2*k**2 + 4*k - 1. Let w be u(-3). Let a = -14 + w. Calculate the remainder when r(-13) is divided by a.
17
Suppose 3*s = -5*u + 6, -4*s = -2*u - 0*u + 18. Suppose -2*n = -u*n + 64. Calculate the remainder when n is divided by 22.
20
Let y(a) = -a**3 + 15*a**2 + 15*a + 33. What is the remainder when y(16) is divided by 6?
5
Let i(b) = -b - 7. Let m(t) = 1. Let l(a) = -i(a) - 2*m(a). Suppose -5*g = 2*y + y + 2, 2*y + g - 8 = 0. Calculate the remainder when 21 is divided by l(y).
10
Suppose 2*q = q + 15. Calculate the remainder when -6*2*(-38)/8 is divided by q.
12
Suppose -m - 7 = 4*l + 14, 4*l + 4*m = -12. What is the remainder when (164/l)/((-4)/6) is divided by 11?
8
Suppose k + i + 4*i + 14 = 0, 3*i = -k - 12. Let c = k - -32. What is the remainder when c is divided by 5?
3
What is the remainder when 411/6 + 9/6 + -1 is divided by 10?
9
Suppose -6 = -3*h + h. Suppose 6*c = h*c + 51. Let f(d) = -d**2 + 7*d - 4. Calculate the remainder when c is divided by f(5).
5
Let r = 162 + -94. Let l = -37 + r. What is the remainder when l is divided by 11?
9
Let h(z) = -z**3 + 9*z**2 - z - 44. What is the remainder when h(7) is divided by 16?
15
Let q = -4 - -45. Let w = -26 + q. Calculate the remainder when 27 is divided by w.
12
Let w = -34 + 19. Let d = w + 29. What is the remainder when d is divided by 8?
6
Let l = 0 + 4. Let f(g) = g + 6. Let j be f(-12). Calculate the remainder when (-39)/j*1*2 is divided by l.
1
Let i(j) = 6*j**3 - j - 3. Let z(q) = -q**3 + q**2 + q + 1. Let l(n) = -i(n) - 5*z(n). What is the remainder when 33 is divided by l(-5)?
15
Suppose 0*u - u + 42 = 0. Suppose 3*a + 3*m - 42 = 0, a + m - u = -2*a. What is the remainder when 40 is divided by a?
12
Suppose 2*m - 765 = -3*m. What is the remainder when m is divided by 39?
36
Let a = -1 - 0. Let o(x) = -x**3 - 4*x**2 + 2. Calculate the remainder when a/(1/(-6)) - 2 is divided by o(-4).
0
Let d = 28 - 17. Suppose l + d = 2*l. Calculate the remainder when 21 is divided by l.
10
Suppose -4*z + 3*x + 452 - 38 = 0, -2*z + 3*x = -204. Let p(a) = -3*a. Calculate the remainder when z is divided by p(-9).
24
Let v(s) = -s**2 - 8*s + 2. Let y be v(-8). Let d = y + 5. What is the remainder when 12 is divided by d?
5
Suppose 3*m + 5*j = 13, 2*j + 52 = -0*m + 4*m. What is the remainder when 3/(-1)*-7 - 0 is divided by m?
10
Let z be 60/1 - (-2)/(-1). Let d = z - -1. Calculate the remainder when d is divided by 20.
19
Let m = -2 + 23. What is the remainder when 60 is divided by m?
18
Let r(x) = x**2 - 5*x - 9. Let l be r(6). What is the remainder when -51*3/(-6 + l) is divided by 6?
5
Let r(a) = -a + 12. Let k be r(6). Suppose 16 = 2*p - k. What is the remainder when p is divided by 6?
5
Let u(c) = -c**3 - c**2 + 8. What is the remainder when u(0) is divided by 4?
0
What is the remainder when 30 is divided by ((-30)/(-25))/((-9)/(-120))?
14
Let i = 5 + -3. Suppose 3*q - 14 = -0*s + 2*s, 0 = 2*q + s. Calculate the remainder when i is divided by q.
0
Let n be -2 + -10*1/(-2). Suppose -4*s - n*t + 73 = 0, -t - 77 = -3*s - s. Calculate the remainder when s is divided by 10.
9
Let y = 12 + -7. Let n(a) = a**2 - a. Let q(j) = -j**3 + 4*j**2 - j + 1. Calculate the remainder when n(y) is divided by q(2).
6
Suppose -z + 6*z = 150. Let h = 14 + z. Suppose d - h = -d. What is the remainder when d is divided by 12?
10
Let u = 6 + -3. Let c = u - -1. What is the remainder when c is divided by 2?
0
Suppose 4*b + 0*b - 484 = 0. Suppose -5*q - 26 = a - b, -5*a = -2*q + 65. Suppose -o - 22 = -3*o. Calculate the remainder when q is divided by o.
9
Let v(u) = 6*u + 3. Calculate the remainder when 50 is divided by v(4).
23
Let i(f) = 6*f - 5. Suppose -155 = -a - 2*a + l, 45 = a + 3*l. Suppose 5*q - 51 = -2*j, -4*q + 0*j + a = 5*j. What is the remainder when i(5) is divided by q?
7
Let s = 12 - 12. Calculate the remainder when 28 + (2 + -3 - s) is divided by 7.
6
Let b be -10*(24/5 + -4). Calculate the remainder when 6 is divided by 8/20 - b/5.
0
Suppose 6*h = -0*h + 186. Suppose 2 + h = 3*r. Let s = 65 - 44. What is the remainder when s is divided by r?
10
Suppose -c + 17 = -3*r, -4*c + 9*c + 5*r - 5 = 0. Let n(s) = 2*s**2 - 6*s + 5. What is the remainder when n(4) is divided by c?
3
Let f = -20 + 48. Suppose 166 = 3*z - c, -2*z + 0*z = c - 109. Calculate the remainder when z is divided by f.
27
Suppose -4*z + 8 = -0*z. Let l = 6 + z. What is the remainder when 37 is divided by l?
5
Let o(i) = 3*i + 1. What is the remainder when (18/12)/((-6)/(-292)) is divided by o(6)?
16
Suppose 3*o - 89 = -50. Calculate the remainder when 62 is divided by o.
10
Let t be (-21)/((-4)/((-160)/(-6))). Suppose 0 = f - 5*f + t. Let n(c) = -c**3 + 5*c**2 - c - 3. What is the remainder when f is divided by n(4)?
8
Suppose 5*c + 5 = -5. Let o = 7 + c. Suppose v + 28 = o*v. What is the remainder when 19 is divided by v?
5
Let b be (-5)/(-15) - 74/(-3). Suppose -240 = -5*d - b. Let x(c) = c**3 + 5*c**2 - c - 5. What is the remainder when d is divided by x(-4)?
13
Let j be ((-20)/14)/(7/(-49)). What is the remainder when 53 is divided by 108/j*10/4?
26
Suppose 4*d + d = 55. Let t = -7 + d. Suppose -h = 5*y - 101, t*y - y = -5*h + 43. Calculate the remainder when y is divided by 11.
10
Let r = 28 - 20. Let s be 3*1 + r/8. What is the remainder when 7 is divided by s/6 + 10/3?
3
Let p = 14 - 5. Let r be 1/2 - (-1)/2. Let l = p - r. Calculate the remainder when 14 is div